 p(-1). Let k be 2 - (-11 - (-1 - z)). Calculate the highest common divisor of 132 and k.
12
Let l(h) = h + 6. Let v be l(-4). What is the highest common divisor of 8 and v?
2
Let c be 8/(-6) + 200/15. Calculate the greatest common divisor of 36 and c.
12
Suppose t + 3*y + 3 - 5 = 0, 19 = 3*t - 4*y. Let a be 1/t + 568/10. What is the greatest common divisor of 38 and a?
19
Suppose 0 = -f - f + 242. What is the highest common divisor of 11 and f?
11
Let k = -22 + 68. What is the highest common divisor of k and 69?
23
Let b(u) = u. Let a be b(5). Suppose -n = -a*n + 32. Calculate the highest common factor of n and 2.
2
Suppose l - q - 26 = 0, q + 0*q = -2*l + 37. Calculate the greatest common factor of l and 105.
21
Let k(l) = l**2 + l + 143. Let t be k(0). Calculate the greatest common divisor of t and 13.
13
Let s be (-14)/(-6) - (-14)/21. What is the highest common divisor of s and 27?
3
Let y = -39 + 49. What is the highest common divisor of 30 and y?
10
Suppose -5*r + 50 = 2*l + 3*l, 4*r + 8 = 2*l. What is the highest common factor of 40 and l?
8
Suppose 4*f = d - 70, 6*f + 68 = 2*f + 2*d. Let z = -10 - f. Calculate the greatest common divisor of 40 and z.
8
Let n be -1*(14 - -1)*-7. Let k = n - 54. Let q = k - 32. What is the greatest common factor of q and 95?
19
Let w = -119 - -137. What is the highest common divisor of 9 and w?
9
Suppose -2 = 2*r + 5*x, -3*x + 2 = -2*r + 2*x. Let o be 25/10*(r - 1). Let v be (-42)/o*(-5)/(-2). Calculate the highest common factor of v and 14.
7
Let x = -42 + -20. Let k = -12 - x. What is the highest common factor of 20 and k?
10
Let k be 66/8 - (-1)/(-4). Let n be (-2)/2*(5 - 5). Let h = n - -40. Calculate the highest common divisor of k and h.
8
Let v be ((-264)/(-60))/(-1*2/(-10)). Calculate the highest common factor of v and 198.
22
Suppose -3*r = 2*l - l - 37, -4*r - 44 = -2*l. Let j be (28/(-8))/(3/(-12)). What is the greatest common divisor of l and j?
14
Let f(h) = 8*h**2 - 2*h + 2. Let x be f(1). What is the greatest common divisor of 8 and x?
8
Let n(j) = 7*j - 3. Let m be n(3). Suppose 24*o = 23*o + 4. Suppose 0*s + 35 = 4*s + a, -a - 37 = -o*s. What is the highest common factor of s and m?
9
Let c be (-50)/(-6) + (-11)/33. What is the greatest common factor of c and 8?
8
Suppose 0 = 2*q - 50 + 14. Calculate the highest common factor of q and 2.
2
Let u(i) = i**2 + 4*i - 3. Let r be u(2). Let h be (-19 + -1)*18/(-5). Calculate the highest common factor of r and h.
9
Suppose 3*s = -g, 0*g - g + 3*s + 12 = 0. Let p be 13 - (-6 + (g - 3)). Calculate the greatest common divisor of 8 and p.
8
Suppose -2*r + 21 = -31. Suppose 3*z = z - 22. Let a = z + r. What is the greatest common divisor of a and 3?
3
Suppose -5*r - 4*w = w - 45, -5*r + 3*w = -85. Let g(z) = z**3 - 2*z**2 + 2. Let f be g(2). What is the greatest common factor of r and f?
2
Let u = 4 - 3. Let z = u + 1. What is the greatest common factor of z and 2?
2
Suppose 5*b = 6*b. Let i = b - -9. What is the greatest common factor of 36 and i?
9
Suppose 60 + 48 = z. What is the greatest common factor of 12 and z?
12
Let f be 54/15 + (-2)/20*6. Calculate the greatest common factor of f and 3.
3
Let a be ((-8)/12)/(37/(-12) + 3). Calculate the highest common factor of 32 and a.
8
Let u be (-5)/2*(-36)/10. Let k be (8/(-6))/((2/108)/(-1)). What is the highest common divisor of k and u?
9
Suppose -2*t = r - 2 - 5, 3*t - 2*r = -7. Suppose o = t + 4. What is the highest common divisor of o and 10?
5
Suppose -2*i + 3*t = 0, 1 = 3*i - 5*t + 3. What is the highest common divisor of i and 96?
6
Suppose 5*h - 3*c = 3 + 5, -4*c = -4*h. What is the highest common divisor of 2 and h?
2
Suppose t + 0*t - 5 = 0. Let j = 10 - t. What is the highest common divisor of 20 and j?
5
Let j = -10 - -13. Calculate the highest common factor of j and 18.
3
Suppose -33 - 87 = -4*i. Let j = i + -15. What is the greatest common divisor of j and 3?
3
Suppose 11*u + 4 = 12*u. Calculate the highest common factor of 40 and u.
4
Suppose 0 = 4*z + 150 - 438. Suppose -5*a + 4*a = -2*s + 22, -a + 55 = 5*s. Let n = s + -2. Calculate the greatest common factor of z and n.
9
Let x be 1/(4/12) - -94. Let r = -57 + x. Let c(t) = -3*t + 1. Let v be c(-1). What is the highest common divisor of v and r?
4
Let z = -34 - -47. Let k = -3 + z. Let o be (-4)/k + 82/5. What is the highest common divisor of 16 and o?
16
Suppose d - 96 = -3*d. Calculate the highest common divisor of d and 6.
6
Suppose -2*r + 36 = -12. Suppose 3*l + t - r = 3*t, 0 = -l - t + 13. Let q = l + -6. What is the highest common factor of q and 6?
2
Suppose 19 - 1 = 2*b. Calculate the greatest common factor of b and 81.
9
Let s = -7 + 10. Let y be 2*(-3)/(s/(-11)). Let q be (8/6)/((-4)/(-6)). What is the greatest common divisor of y and q?
2
Let z be 27/1 + ((-24)/(-2))/4. What is the highest common divisor of 30 and z?
30
Suppose -2*s + 14 = -5*s + 4*b, 2*b + 6 = -5*s. Let h be (-357)/(-49) - s/(-7). What is the highest common divisor of 1 and h?
1
Let f = 53 + 23. Let v be -4*(-1)/(8/(-18)). Let r = v + 28. What is the greatest common factor of f and r?
19
Let k(i) = -i + 18. Let w be k(10). What is the greatest common factor of w and 88?
8
Let z = 82 + -55. What is the highest common divisor of z and 6?
3
Let z(x) = x - 1. Let l be z(4). Suppose -5*i = -0*i + 4*y - 40, 0 = -i - l*y + 19. Calculate the greatest common divisor of i and 16.
4
Suppose h + 2*s = 38, 2*h - 4*h - s = -64. Calculate the highest common divisor of 195 and h.
15
Suppose -4 = -3*k - k. Let g be (-66)/(-1) + k + -1. Let m = 107 + -63. Calculate the greatest common factor of g and m.
22
Let m(z) = -z**2 - 4*z - 2. Let j be m(-2). Let n(i) = 7*i - 1. Let a be n(j). Calculate the highest common factor of a and 13.
13
Suppose -4*i + 718 = 3*b, 6*i - 1154 = -5*b + 10*i. What is the greatest common divisor of 26 and b?
26
Let l(a) = 23*a**2 - 1. Let d be l(-2). Let r be -13*(-2 + -1 + 2). What is the highest common divisor of d and r?
13
Let s = -2 + 4. Let v(a) = 7*a**3 - a + 1. Let w be v(s). Suppose -5*k + 17 = c - 3, 0 = -3*k + c + 20. Calculate the greatest common divisor of w and k.
5
Suppose 60 = 2*r - 2*k, -4*r + 2*k + 156 = r. What is the highest common factor of 256 and r?
32
Let t be (-63)/(-12) - (-3)/(-12). Suppose -t*q + 57 - 7 = 0. Calculate the highest common factor of 5 and q.
5
Suppose 0 = 5*c - 53 - 192. Suppose -3*o - 2*h = -c, 4*h - 7 = 1. Let m = 28 + -18. Calculate the highest common divisor of m and o.
5
Suppose -5*r + 5*u = -278 - 197, -2*r + 190 = 5*u. What is the greatest common factor of r and 19?
19
Let v(i) = -5*i**2 + 2*i + 2. Let o be v(-1). Let u = o + 12. Calculate the greatest common factor of 77 and u.
7
Let h = 70 + -42. What is the greatest common factor of 4 and h?
4
Let f = -17 - -41. What is the greatest common divisor of f and 16?
8
Let l(d) = d**3 + 4*d**2 + 4*d + 3. Let c be l(-2). Suppose -75 = -3*k - c. Let s = 3 + 3. What is the highest common factor of s and k?
6
Let t be ((-11328)/20)/(-3) - 3/(-15). Calculate the greatest common divisor of 27 and t.
27
Let y be -2*1*(8 + -4). Let w be (y/(-10))/(5/50). Suppose -w*c + 5*s + 460 = -4*c, 4 = -s. What is the highest common factor of 10 and c?
10
Suppose -4*u = -46 - 10. Suppose -3*y = -4*i - 26, 4*y - 2*y = i + 9. Suppose 280 = 3*r + y*r. Calculate the highest common factor of u and r.
14
Let p = 62 + -42. Calculate the highest common divisor of p and 40.
20
Suppose s - 6*s + 225 = 0. What is the greatest common factor of 5 and s?
5
Suppose -r - 1735 = -5*r + 5*w, -2*r + 2*w + 868 = 0. Let b be 2/((-12)/r)*2. Let p = 220 + b. Calculate the highest common factor of 30 and p.
15
Let z be 22/10 - (-2)/(-10). Let f(l) = -8*l - 6*l - 9*l + z. Let a be f(-5). Calculate the greatest common divisor of a and 13.
13
Let d(u) = 2*u**2 - 6. Let f be d(5). Suppose f + 22 = 3*q. Calculate the greatest common divisor of 88 and q.
22
Suppose l - 4 = -2*f, l - f - 64 = -4*l. Let v(k) = 1 + 4 - 4 + 27*k**2 + l*k**2. Let w be v(1). Calculate the highest common divisor of 10 and w.
10
Let m be 28*1/(10/15). Calculate the highest common divisor of 6 and m.
6
Let i = 43 - 27. Calculate the highest common divisor of 64 and i.
16
Suppose -4*u + 5*m + 0*m + 218 = 0, -48 = -u - 2